[INFO] fetching crate afire 2.1.0...
[INFO] checking afire-2.1.0 against master#9610dfe5a9a731ced1ea4923ecbd0c57fe367898 for beta-170-4
[INFO] extracting crate afire 2.1.0 into /workspace/builds/worker-2-tc1/source
[INFO] validating manifest of crates.io crate afire 2.1.0 on toolchain 9610dfe5a9a731ced1ea4923ecbd0c57fe367898
[INFO] running `Command { std: CARGO_HOME="/workspace/cargo-home" RUSTUP_HOME="/workspace/rustup-home" "/workspace/cargo-home/bin/cargo" "+9610dfe5a9a731ced1ea4923ecbd0c57fe367898" "metadata" "--manifest-path" "Cargo.toml" "--no-deps", kill_on_drop: false }`
[INFO] started tweaking crates.io crate afire 2.1.0
[INFO] finished tweaking crates.io crate afire 2.1.0
[INFO] tweaked toml for crates.io crate afire 2.1.0 written to /workspace/builds/worker-2-tc1/source/Cargo.toml
[INFO] crate crates.io crate afire 2.1.0 already has a lockfile, it will not be regenerated
[INFO] running `Command { std: CARGO_HOME="/workspace/cargo-home" RUSTUP_HOME="/workspace/rustup-home" "/workspace/cargo-home/bin/cargo" "+9610dfe5a9a731ced1ea4923ecbd0c57fe367898" "fetch" "--manifest-path" "Cargo.toml", kill_on_drop: false }`
[INFO] running `Command { std: "docker" "create" "-v" "/var/lib/crater-agent-workspace/builds/worker-2-tc1/target:/opt/rustwide/target:rw,Z" "-v" "/var/lib/crater-agent-workspace/builds/worker-2-tc1/source:/opt/rustwide/workdir:ro,Z" "-v" "/var/lib/crater-agent-workspace/cargo-home:/opt/rustwide/cargo-home:ro,Z" "-v" "/var/lib/crater-agent-workspace/rustup-home:/opt/rustwide/rustup-home:ro,Z" "-e" "SOURCE_DIR=/opt/rustwide/workdir" "-e" "CARGO_TARGET_DIR=/opt/rustwide/target" "-e" "CARGO_HOME=/opt/rustwide/cargo-home" "-e" "RUSTUP_HOME=/opt/rustwide/rustup-home" "-w" "/opt/rustwide/workdir" "-m" "1610612736" "--user" "0:0" "--network" "none" "ghcr.io/rust-lang/crates-build-env/linux@sha256:19e73879b68f455e41552ea35293514db52ea292d993f571636dbffedb77a1ee" "/opt/rustwide/cargo-home/bin/cargo" "+9610dfe5a9a731ced1ea4923ecbd0c57fe367898" "metadata" "--no-deps" "--format-version=1", kill_on_drop: false }`
[INFO] [stdout] 53160307dc1e2d3ff1576be59f89d7897c2933f1632dffbf801018175b12807a
[INFO] running `Command { std: "docker" "start" "-a" "53160307dc1e2d3ff1576be59f89d7897c2933f1632dffbf801018175b12807a", kill_on_drop: false }`
[INFO] running `Command { std: "docker" "inspect" "53160307dc1e2d3ff1576be59f89d7897c2933f1632dffbf801018175b12807a", kill_on_drop: false }`
[INFO] running `Command { std: "docker" "rm" "-f" "53160307dc1e2d3ff1576be59f89d7897c2933f1632dffbf801018175b12807a", kill_on_drop: false }`
[INFO] [stdout] 53160307dc1e2d3ff1576be59f89d7897c2933f1632dffbf801018175b12807a
[INFO] running `Command { std: "docker" "create" "-v" "/var/lib/crater-agent-workspace/builds/worker-2-tc1/target:/opt/rustwide/target:rw,Z" "-v" "/var/lib/crater-agent-workspace/builds/worker-2-tc1/source:/opt/rustwide/workdir:ro,Z" "-v" "/var/lib/crater-agent-workspace/cargo-home:/opt/rustwide/cargo-home:ro,Z" "-v" "/var/lib/crater-agent-workspace/rustup-home:/opt/rustwide/rustup-home:ro,Z" "-e" "SOURCE_DIR=/opt/rustwide/workdir" "-e" "CARGO_TARGET_DIR=/opt/rustwide/target" "-e" "CARGO_INCREMENTAL=0" "-e" "RUST_BACKTRACE=full" "-e" "RUSTFLAGS=--cap-lints=forbid" "-e" "RUSTDOCFLAGS=--cap-lints=forbid" "-e" "CARGO_HOME=/opt/rustwide/cargo-home" "-e" "RUSTUP_HOME=/opt/rustwide/rustup-home" "-w" "/opt/rustwide/workdir" "-m" "1610612736" "--user" "0:0" "--network" "none" "ghcr.io/rust-lang/crates-build-env/linux@sha256:19e73879b68f455e41552ea35293514db52ea292d993f571636dbffedb77a1ee" "/opt/rustwide/cargo-home/bin/cargo" "+9610dfe5a9a731ced1ea4923ecbd0c57fe367898" "check" "--frozen" "--all" "--all-targets" "--message-format=json", kill_on_drop: false }`
[INFO] [stdout] 63b42cb9e7fb2556bf6416a06f18d03f62e97a4844ededd5b717465a610fe240
[INFO] running `Command { std: "docker" "start" "-a" "63b42cb9e7fb2556bf6416a06f18d03f62e97a4844ededd5b717465a610fe240", kill_on_drop: false }`
[INFO] [stderr]     Checking afire v2.1.0 (/opt/rustwide/workdir)
[INFO] [stdout] error[E0433]: failed to resolve: could not find `extension` in `afire`
[INFO] [stdout]   --> examples/application_quote_book.rs:16:5
[INFO] [stdout]    |
[INFO] [stdout] 16 |     extension::date::imp_date,
[INFO] [stdout]    |     ^^^^^^^^^ could not find `extension` in `afire`
[INFO] [stdout] 
[INFO] [stdout] 
[INFO] [stdout] error[E0432]: unresolved import `afire::extension`
[INFO] [stdout]   --> examples/tmp.rs:13:5
[INFO] [stdout]    |
[INFO] [stdout] 13 |     extension::{Date, Logger},
[INFO] [stdout]    |     ^^^^^^^^^ could not find `extension` in `afire`
[INFO] [stdout] 
[INFO] [stdout] 
[INFO] [stdout] error: aborting due to previous error
[INFO] [stdout] 
[INFO] [stdout] 
[INFO] [stdout] error[E0433]: failed to resolve: could not find `extension` in `afire`
[INFO] [stdout]  --> examples/basic/logging.rs:2:5
[INFO] [stdout]   |
[INFO] [stdout] 2 |     extension::logger::{Level, Logger},
[INFO] [stdout]   |     ^^^^^^^^^ could not find `extension` in `afire`
[INFO] [stdout] 
[INFO] [stdout] 
[INFO] [stdout] For more information about this error, try `rustc --explain E0433`.
[INFO] [stdout] 
[INFO] [stderr] error: could not compile `afire` (example "application_quote_book") due to 2 previous errors
[INFO] [stderr] warning: build failed, waiting for other jobs to finish...
[INFO] [stdout] error: aborting due to previous error
[INFO] [stdout] 
[INFO] [stdout] 
[INFO] [stdout] For more information about this error, try `rustc --explain E0432`.
[INFO] [stdout] 
[INFO] [stderr] error: could not compile `afire` (example "tmp") due to 2 previous errors
[INFO] [stdout] error[E0432]: unresolved import `afire::extension`
[INFO] [stdout]  --> examples/basic/rate_limit.rs:1:13
[INFO] [stdout]   |
[INFO] [stdout] 1 | use afire::{extension::RateLimiter, Content, Method, Middleware, Response, Server, Status};
[INFO] [stdout]   |             ^^^^^^^^^ could not find `extension` in `afire`
[INFO] [stdout] 
[INFO] [stdout] 
[INFO] [stdout] error[E0432]: unresolved import `afire::extension`
[INFO] [stdout]  --> examples/basic/serve_static.rs:1:13
[INFO] [stdout]   |
[INFO] [stdout] 1 | use afire::{extension, Header, Middleware, Response, Server, Status};
[INFO] [stdout]   |             ^^^^^^^^^ no `extension` in the root
[INFO] [stdout] 
[INFO] [stdout] 
[INFO] [stdout] warning: unused import: `Middleware`
[INFO] [stdout]  --> examples/basic/logging.rs:3:22
[INFO] [stdout]   |
[INFO] [stdout] 3 |     Content, Method, Middleware, Response, Server,
[INFO] [stdout]   |                      ^^^^^^^^^^
[INFO] [stdout]   |
[INFO] [stdout]   = note: `#[warn(unused_imports)]` on by default
[INFO] [stdout] 
[INFO] [stdout] 
[INFO] [stdout] warning: unused import: `Middleware`
[INFO] [stdout]  --> examples/basic/serve_static.rs:1:32
[INFO] [stdout]   |
[INFO] [stdout] 1 | use afire::{extension, Header, Middleware, Response, Server, Status};
[INFO] [stdout]   |                                ^^^^^^^^^^
[INFO] [stdout] 
[INFO] [stdout] 
[INFO] [stdout] warning: unused import: `Middleware`
[INFO] [stdout]  --> examples/basic/rate_limit.rs:1:54
[INFO] [stdout]   |
[INFO] [stdout] 1 | use afire::{extension::RateLimiter, Content, Method, Middleware, Response, Server, Status};
[INFO] [stdout]   |                                                      ^^^^^^^^^^
[INFO] [stdout] 
[INFO] [stdout] 
[INFO] [stdout] error: aborting due to 3 previous errors; 3 warnings emitted
[INFO] [stdout] 
[INFO] [stdout] 
[INFO] [stdout] Some errors have detailed explanations: E0432, E0433.
[INFO] [stdout] 
[INFO] [stdout] For more information about an error, try `rustc --explain E0432`.
[INFO] [stdout] 
[INFO] [stderr] error: could not compile `afire` (example "basic") due to 4 previous errors; 3 warnings emitted
[INFO] running `Command { std: "docker" "inspect" "63b42cb9e7fb2556bf6416a06f18d03f62e97a4844ededd5b717465a610fe240", kill_on_drop: false }`
[INFO] running `Command { std: "docker" "rm" "-f" "63b42cb9e7fb2556bf6416a06f18d03f62e97a4844ededd5b717465a610fe240", kill_on_drop: false }`
[INFO] [stdout] 63b42cb9e7fb2556bf6416a06f18d03f62e97a4844ededd5b717465a610fe240
